{"id":1219,"date":"2023-12-18T17:38:18","date_gmt":"2023-12-18T23:38:18","guid":{"rendered":"https:\/\/sistemas.uttecamac.edu.mx\/wordpress\/?page_id=1219"},"modified":"2025-11-26T12:08:25","modified_gmt":"2025-11-26T18:08:25","slug":"procedimientos-piuttec","status":"publish","type":"page","link":"https:\/\/sistemas.uttecamac.edu.mx\/wordpress\/?page_id=1219","title":{"rendered":"Procedimientos del SGOE &#8211; Proceso de Gesti\u00f3n de Recursos."},"content":{"rendered":"\n<p>En este apartado se muestran los procedimientos en los que participa la Coordinaci\u00f3n de Servicios Inform\u00e1ticos dentro del Sistema de Gesti\u00f3n de la Calidad, conforme a los lineamientos establecidos por la norma ISO 21001:2018. Estos procedimientos tienen como finalidad asegurar la eficiencia operativa, la trazabilidad de las actividades y el cumplimiento de los requisitos institucionales para la gesti\u00f3n de servicios tecnol\u00f3gicos que respaldan los procesos educativos.<\/p>\n\n\n\n<ul class=\"wp-block-list\">\n<li><strong>PRO-GR-CSI-01<\/strong>\n<ul class=\"wp-block-list\">\n<li><a href=\"https:\/\/sistemas.uttecamac.edu.mx\/wordpress\/wp-content\/uploads\/2025\/Procedimientos_calidad\/PRO-GR-CSI-01 Ejecuci\u00f3n del Mantenimiento Correctivo a Equipos de C\u00f3mputo, Perif\u00e9ricos y Comunicaciones V0.pdf\">PRO-GR-CSI-01 Ejecuci\u00f3n del Mantenimiento Correctivo a Equipos de C\u00f3mputo, Perif\u00e9ricos y Comunicaciones V0<\/a><\/li>\n\n\n\n<li><a href=\"https:\/\/sistemas.uttecamac.edu.mx\/wordpress\/wp-content\/uploads\/2025\/Procedimientos_calidad\/ANE-GR-CSI-01-A Mantenimiento correctivo y preventivo V0.pdf\">ANE-GR-CSI-01-A Mantenimiento correctivo y preventivo V0<\/a><\/li>\n\n\n\n<li><\/li>\n<\/ul>\n<\/li>\n\n\n\n<li><strong>PRO-GR-CSI-02<\/strong>\n<ul class=\"wp-block-list\">\n<li><a href=\"https:\/\/sistemas.uttecamac.edu.mx\/wordpress\/wp-content\/uploads\/2025\/Procedimientos_calidad\/PRO-GR-CSI-02 Ejecuci\u00f3n del Mantenimiento Preventivo a Equipo de C\u00f3mputo, Perif\u00e9ricos y Comunicaciones V0.pdf\">PRO-GR-CSI-02 Ejecuci\u00f3n del Mantenimiento Preventivo a Equipo de C\u00f3mputo, Perif\u00e9ricos y Comunicaciones V0<\/a><\/li>\n\n\n\n<li><\/li>\n<\/ul>\n<\/li>\n\n\n\n<li><strong>PRO-GR-CSI-03<\/strong>\n<ul class=\"wp-block-list\">\n<li><a href=\"https:\/\/sistemas.uttecamac.edu.mx\/wordpress\/wp-content\/uploads\/2025\/Procedimientos_calidad\/ANE-GR-CSI-03-A Implementaci\u00f3n de Seguridad de la Informaci\u00f3n Digital V0.pdf\">ANE-GR-CSI-03-A Implementaci\u00f3n de Seguridad de la Informaci\u00f3n Digital V0<\/a><\/li>\n\n\n\n<li><a href=\"https:\/\/sistemas.uttecamac.edu.mx\/wordpress\/wp-content\/uploads\/2025\/Procedimientos_calidad\/PRO-GR-CSI-03 Implementaci\u00f3n de Seguridad de la Informaci\u00f3n Digital V0.pdf\">PRO-GR-CSI-03 Implementaci\u00f3n de Seguridad de la Informaci\u00f3n Digital V0<\/a><\/li>\n<\/ul>\n<\/li>\n<\/ul>\n\n\n\n<p><\/p>\n","protected":false},"excerpt":{"rendered":"<p>En este apartado se muestran los procedimientos en los que participa la Coordinaci\u00f3n de Servicios Inform\u00e1ticos dentro del Sistema de Gesti\u00f3n de la Calidad, conforme a los lineamientos establecidos por la norma ISO 21001:2018. Estos procedimientos tienen como finalidad asegurar la eficiencia operativa, la trazabilidad de las actividades y el cumplimiento de los requisitos institucionales [&hellip;]<\/p>\n","protected":false},"author":8,"featured_media":0,"parent":221,"menu_order":0,"comment_status":"closed","ping_status":"closed","template":"","meta":{"footnotes":""},"class_list":["post-1219","page","type-page","status-publish","hentry"],"blocksy_meta":[],"_links":{"self":[{"href":"https:\/\/sistemas.uttecamac.edu.mx\/wordpress\/index.php?rest_route=\/wp\/v2\/pages\/1219","targetHints":{"allow":["GET"]}}],"collection":[{"href":"https:\/\/sistemas.uttecamac.edu.mx\/wordpress\/index.php?rest_route=\/wp\/v2\/pages"}],"about":[{"href":"https:\/\/sistemas.uttecamac.edu.mx\/wordpress\/index.php?rest_route=\/wp\/v2\/types\/page"}],"author":[{"embeddable":true,"href":"https:\/\/sistemas.uttecamac.edu.mx\/wordpress\/index.php?rest_route=\/wp\/v2\/users\/8"}],"replies":[{"embeddable":true,"href":"https:\/\/sistemas.uttecamac.edu.mx\/wordpress\/index.php?rest_route=%2Fwp%2Fv2%2Fcomments&post=1219"}],"version-history":[{"count":16,"href":"https:\/\/sistemas.uttecamac.edu.mx\/wordpress\/index.php?rest_route=\/wp\/v2\/pages\/1219\/revisions"}],"predecessor-version":[{"id":1344,"href":"https:\/\/sistemas.uttecamac.edu.mx\/wordpress\/index.php?rest_route=\/wp\/v2\/pages\/1219\/revisions\/1344"}],"up":[{"embeddable":true,"href":"https:\/\/sistemas.uttecamac.edu.mx\/wordpress\/index.php?rest_route=\/wp\/v2\/pages\/221"}],"wp:attachment":[{"href":"https:\/\/sistemas.uttecamac.edu.mx\/wordpress\/index.php?rest_route=%2Fwp%2Fv2%2Fmedia&parent=1219"}],"curies":[{"name":"wp","href":"https:\/\/api.w.org\/{rel}","templated":true}]}}